False
Is 337 a factor of 15358438?
True
Is 1649531 a multiple of 7?
False
Does 5 divide 476875?
True
Is 35 a factor of 106175?
False
Is 7270984 a multiple of 314?
True
Is 1212644 a multiple of 807?
False
Does 8 divide 199720?
True
Is 4864216 a multiple of 145?
False
Does 11 divide 118272?
True
Is 20 a factor of 1686492?
False
Does 25 divide 54500?
True
Is 64 a factor of 3930907?
False
Is 401 a factor of 17676080?
True
Does 2225 divide 27384345?
False
Does 52 divide 1113649?
False
Is 533057 a multiple of 281?
True
Is 79860 a multiple of 15?
True
Is 1901032 a multiple of 56?
True
Is 114 a factor of 201666?
True
Is 6556552 a multiple of 118?
True
Is 248 a multiple of 31?
True
Is 864 a factor of 907276?
False
Is 32 a factor of 751104?
True
Does 22 divide 33003454?
True
Does 182 divide 303152?
False
Is 620966 a multiple of 142?
True
Is 413102 a multiple of 3?
False
Is 191 a factor of 3373633?
True
Is 169 a factor of 232903?
False
Is 3 a factor of 29511?
True
Does 15 divide 32902289?
False
Is 1724672 a multiple of 10?
False
Is 92 a factor of 6822485?
False
Is 18755654 a multiple of 23?
False
Is 59 a factor of 2329625?
False
Does 170 divide 647050?
False
Is 1114830 a multiple of 389?
False
Is 149 a factor of 4526322?
True
Is 8 a factor of 279478?
False
Is 202 a factor of 83022?
True
Is 28284 a multiple of 4?
True
Does 414 divide 61686?
True
Does 395 divide 5065875?
True
Does 418 divide 3701808?
True
Is 939 a factor of 31644873?
False
Is 279542 a multiple of 774?
False
Does 490 divide 4051810?
True
Is 21 a factor of 1390557?
True
Is 684455 a multiple of 4?
False
Is 25564 a multiple of 8?
False
Does 24 divide 1127280?
True
Does 72 divide 80064?
True
Is 54659 a multiple of 291?
False
Does 25 divide 171351?
False
Does 70 divide 756280?
True
Does 132 divide 741429?
False
Does 49 divide 77567?
True
Is 77 a factor of 278817?
True
Is 42 a factor of 534999?
False
Is 209 a factor of 169290?
True
Is 675 a factor of 110025?
True
Is 45 a factor of 4932631?
False
Does 66 divide 243078?
True
Is 174 a factor of 1402763?
False
Does 12 divide 2017496?
False
Is 12 a factor of 52561?
False
Is 2837744 a multiple of 327?
False
Does 25 divide 10794654?
False
Is 1333459 a multiple of 63?
False
Is 3638816 a multiple of 32?
True
Does 1350 divide 10778467?
False
Is 14 a factor of 4739084?
True
Does 162 divide 152442?
True
Is 7 a factor of 955059?
True
Is 51 a factor of 487509?
True
Is 74096 a multiple of 88?
True
Is 239 a factor of 110179?
True
Is 17 a factor of 149243?
True
Is 123 a factor of 28782?
True
Is 503 a factor of 2455143?
True
Is 378 a factor of 5068224?
True
Does 69 divide 7534718?
False
Is 118612 a multiple of 26?
True
Is 280756 a multiple of 37?
True
Is 243 a factor of 314477?
False
Does 133 divide 189259?
True
Is 17000612 a multiple of 629?
True
Is 3150 a multiple of 50?
True
Is 215403 a multiple of 49?
False
Is 16827668 a multiple of 31?
True
Is 65868 a multiple of 22?
True
Is 3947756 a multiple of 563?
True
Is 75434 a multiple of 21?
False
Does 227 divide 3632?
True
Is 485 a factor of 10958707?
False
Is 86 a factor of 4585520?
True
Is 12 a factor of 3563053?
False
Is 312039 a multiple of 7?
True
Is 401 a factor of 514884?
True
Is 885183 a multiple of 365?
False
Is 28651 a multiple of 5?
False
Is 25696371 a multiple of 1681?
False
Is 56 a factor of 217280?
True
Is 677 a factor of 1167825?
True
Is 670426 a multiple of 12?
False
Does 4 divide 42596?
True
Is 994 a factor of 898576?
True
Is 55272 a multiple of 24?
True
Does 25 divide 751077?
False
Does 46 divide 1614170?
False
Is 299262 a multiple of 6?
True
Is 53 a factor of 1992638?
False
Does 7 divide 4216627?
False
Is 8059115 a multiple of 5?
True
Is 16650 a multiple of 333?
True
Is 10 a factor of 49593?
False
Is 1236219 a multiple of 16?
False
Is 1174 a factor of 4549250?
True
Does 116 divide 46377?
False
Is 36 a factor of 9587579?
False
Is 21 a factor of 509234?
False
Is 150 a factor of 121200?
True
Does 119 divide 1030064?
True
Is 5869565 a multiple of 67?
False
Does 13 divide 1450370?
False
Is 10 a factor of 31950?
True
Is 1665900 a multiple of 45?
True
Is 26 a factor of 7615217?
False
Does 15 divide 96405?
True
Is 1105062 a multiple of 1162?
True
Does 14 divide 263858?
True
Is 31 a factor of 58023?
False
Does 59 divide 1852364?
True
Is 1104147 a multiple of 587?
True
Does 30 divide 31028?
False
Is 113 a factor of 94588?
False
Is 91 a factor of 49686?
True
Is 29 a factor of 2747153?
False
Is 8303 a multiple of 166?
False
Is 28 a factor of 3148139?
False
Is 350598 a multiple of 6?
True
Is 98 a factor of 9268991?
False
Is 64 a factor of 167348?
False
Does 4 divide 169397?
False
Does 869 divide 2991914?
False
Is 220290 a multiple of 70?
True
Is 9831338 a multiple of 12?
False
Does 7 divide 556465?
True
Does 166 divide 2918114?
True
Does 8 divide 18920?
True
Is 302 a factor of 1823476?
True
Is 424116 a multiple of 84?
True
Does 65 divide 322660?
True
Is 90412 a multiple of 91?
False
Is 28296 a multiple of 46?
False
Does 426 divide 3433986?
True
Is 12 a factor of 676870?
False
Is 204390 a multiple of 10?
True
Is 658 a factor of 3404630?
False
Is 241 a factor of 5319593?
True
Is 22567215 a multiple of 15?
True
Is 92626 a multiple of 256?
False
Is 445433 a multiple of 6?
False
Is 19 a factor of 1129650?
False
Is 44 a factor of 18263772?
False
Is 25 a factor of 7432127?
False
Is 1143241 a multiple of 11?
True
Is 4 a factor of 839855?
False
Does 143 divide 93721?
False
Does 26 divide 1630590?
True
Is 5 a factor of 885068?
False
Does 47 divide 9113236?
False
Is 7584839 a multiple of 33?
False
Is 115448 a multiple of 10?
False
Does 15 divide 4601931?
False
Does 6 divide 964065?
False
Is 9355 even?
False
Does 35 divide 248105?
False
Is 9090 a multiple of 5?
True
Is 137777 a multiple of 193?
False
Does 4 divide 23430?
False
Does 21 divide 96041?
False
Is 320 a factor of 1234655?
False
Is 16 a factor of 2160273?
False
Is 3276722 a multiple of 13?
False
Does 9 divide 4298517?
True
Does 10 divide 145300?
True
Is 86 a factor of 89870?
True
Does 218 divide 1118994?
True
Is 73815 a multiple of 57?
True
Does 59 divide 198948?
True
Is 127 a factor of 59143?
False
Is 1419938 a multiple of 128?
False
Is 2951226 a multiple of 127?
True
Does 2 divide 10432?
True
Is 6568400 a multiple of 16?
True
Is 15 a factor of 62250?
True
Is 24 a factor of 541095?
False
Is 113 a factor of 207089?
False
Is 3069360 a multiple of 10?
True
Does 50 divide 27008?
False
Is 197 a factor of 1715662?
False
Does 30 divide 390270?
True
Does 22 divide 6505350?
False
Is 203811 a multiple of 19?
False
Does 254 divide 184759?
False
Is 282222 a multiple of 18?
True
Is 7238838 a multiple of 17?
True
Does 4 divide 74587?
False
Is 376 a factor of 1535208?
True
Is 38238 a multiple of 4?
False
Is 20831680 a multiple of 32?
True
Does 1263 divide 13728292?
False
Is 71 a factor of 134713?
False
Does 143 divide 1347489?
True
Is 157 a factor of 976313?
False
Does 6 divide 66714?
True
Is 384300 a multiple of 100?
True
Is 7822584 a multiple of 198?
True
Is 834462 a multiple of 51?
True
Is 917740 a multiple of 7?
False
Is 1460327 a multiple of 17?
False
Is 2645 a multiple of 23?
True
Is 1824930 a multiple of 45?
True
Is 768774 a multiple of 6?
True
Is 19 a factor of 160892?
True
Does 3 divide 584186?
False
Is 282 a factor of 3893010?
True
Does 29 divide 37178?
True
Is 13336700 a multiple of 25?
True
Is 402435 a multiple of 271?
True
Does 94 divide 257936?
True
Is 15470 even?
True
Is 324 a factor of 160380?
True
Is 1827415 a multiple of 61?
False
Is 367946 a multiple of 12?
False
Does 2 divide 3479?
False
Is 507 a factor of 14258868?
True
Is 1551310 a multiple of 248?
False
Is 186 a factor of 7295478?
True
Does 14 divide 5491346?
True
Is 655944 a multiple of 8?
True
Does 73 divide 9091102?
False
Does 56 divide 51530?
False
Is 57 a factor of 69126?
False
Is 32 a factor of 4066873?
False
Does 26 divide 444550?
False
Is 48 a factor of 258768?
True
Is 6717645 a multiple of 33?
True
Does 38 divide 8101068?
True
Is 167714 a multiple of 4?
False
Is 2215080 a multiple of 630?
True
Is 6 a factor of 4187620?
False
Is 827003 a multiple of 83?
False
Is 139426 a multiple of 71?
False
Is 2479815 a multiple of 351?
True
Is 20234988 a multiple of 10?
False
Does 14 divide 8440306?
True
D